29. What is the greatest common factor of 56 and u?
14
Suppose 0*t - 2*t = v - 55, 0 = 4*t + 4*v - 100. What is the greatest common divisor of 15 and t?
15
Let m = -10 + 25. Suppose 4*z = z - 2*w + m, -12 = -4*w. Suppose -5*k + 30 = -3*k. What is the greatest common divisor of z and k?
3
Let z(s) = -s**2 - 17*s + 32. Let y be z(-17). Calculate the greatest common divisor of 20 and y.
4
Suppose -6*c + 16 = -2*c. Calculate the greatest common divisor of c and 16.
4
Let z be 179 + (0 + 4 - 3). Let u = 61 + -41. Calculate the greatest common factor of u and z.
20
Let i(f) = f**2 + 12*f + 39. Let t be i(-9). Let d be (-1)/4 - 241/(-4). What is the highest common factor of t and d?
12
Let l = 37 + -20. Let d(f) = -7*f + 1. Let q be d(-12). Calculate the highest common divisor of l and q.
17
Let r(z) = -8*z - 103. Let f be r(-17). What is the greatest common divisor of f and 11?
11
Let y(i) = 3*i + 12. Let q be y(-3). Calculate the highest common divisor of q and 33.
3
Let q be (-15)/(-2) - 5/(-10). Let u be (-1 - q)/((-24)/32). What is the greatest common factor of 6 and u?
6
Suppose -2*m = -2 - 4. Suppose 10*l - 5*l + 181 = -m*h, 4*l + 293 = -5*h. Let b = h - -133. Calculate the greatest common divisor of b and 19.
19
Suppose 0 = 2*z + 3*z - 10. Let i(s) = -s**3 + 2*s**2 + 2*s - 2. Let l be (-2)/8 - (-18)/8. Let h be i(l). What is the highest common factor of h and z?
2
Suppose o + o - 4 = 0. Suppose 2*v = -3*g + 14, -o*g + 5*v + 20 = -2. What is the greatest common divisor of g and 30?
6
Suppose 5*d - 35 = 10. Let r(o) = -o**3 - 8*o**2 - 8*o + 2. Let s be r(-7). Calculate the greatest common divisor of s and d.
9
Let n be 552/(-39) + (-2)/(-13). Let s = 3 - n. What is the highest common divisor of s and 68?
17
Suppose 5*n = -3*s + n + 44, -3*n - 12 = 0. Let a be 15/(-1)*(-2 + 0). Calculate the highest common divisor of a and s.
10
Let c be (-2)/(4 - 130/32). What is the highest common divisor of c and 24?
8
Suppose 4 + 12 = 4*p. Suppose 2 + 34 = p*w. Let i = 8 - 2. What is the highest common divisor of w and i?
3
Let r(l) = 3*l**2 + l - 4. Let g be r(-3). Let f be (-1 - -2)/(14/420). Calculate the highest common divisor of g and f.
10
Let h(l) = 2*l**3 - 12*l**2 - 8*l + 6. Let m be h(7). Calculate the highest common factor of m and 6.
6
Suppose 2*g - 12 = 2*x - 4*x, -5*x + 22 = 3*g. Let y be 2/3 + (-244)/(-12). Let w = y - 5. What is the highest common divisor of w and g?
4
Suppose 10*y - 7*y = 0. Let z(i) = -i**2 + i + 4. Let j be z(y). Calculate the highest common divisor of j and 36.
4
Suppose -3*w + 6*w - 216 = 0. Calculate the greatest common factor of w and 16.
8
Suppose -3*c = -20 - 232. Calculate the highest common factor of 28 and c.
28
Let y be 15*2/5*4. What is the highest common factor of y and 168?
24
Let b = -165 + 305. Suppose -2*z + b = 20. What is the greatest common divisor of z and 12?
12
Let a be 0/(-2) - -1*40. Suppose 0 = 2*c - t - 3, 12 = -c + 4*t - 4. Calculate the highest common divisor of a and c.
4
Let m be 17 + 0 + (-3 - -6). What is the greatest common divisor of 180 and m?
20
Let y(g) = -g**3 + 13*g**2 - 11*g - 9. Let k be y(12). Suppose 13 = 2*t - 7. Let i = 22 - t. Calculate the highest common divisor of k and i.
3
Let p = -305 + 433. Calculate the greatest common divisor of 16 and p.
16
Let b = 63 - -15. Calculate the greatest common factor of 26 and b.
26
Let i = 155 + -121. What is the highest common factor of i and 85?
17
Suppose 5*u + 5*a = 281 + 9, -a = -2. What is the greatest common factor of 7 and u?
7
Suppose -3*k = 27 + 126. Let h = k - -72. Let w(n) = -3*n + 1. Let x be w(-2). What is the greatest common divisor of x and h?
7
Suppose -32 = -6*z + 2*z. Let m be z/(-5)*5/(-2). What is the greatest common divisor of 36 and m?
4
Let k(f) = 30*f**2 - 3*f + 1. Let u be k(1). Calculate the highest common factor of u and 14.
14
Suppose 0 = -0*f + 16*f - 192. Calculate the highest common divisor of f and 48.
12
Suppose -390 = -6*d - 102. Calculate the greatest common factor of d and 32.
16
Suppose 0*g + 5*g = 310. What is the greatest common divisor of 155 and g?
31
Suppose 3*r = -t - r + 8, t + 2*r = 12. Calculate the highest common factor of 16 and t.
16
Let c = 7 - 3. Suppose -3*m + 2*a + 251 = 0, 0 = -6*m + c*m + 5*a + 160. What is the highest common divisor of m and 17?
17
Suppose -30 = -y - 4*z, 4*y + 0*z = -3*z + 55. Suppose -4 + y = 2*j. Suppose f + j*f = 52. What is the greatest common divisor of f and 39?
13
Let v = -297 + 473. Suppose f + 4*h = -f + 16, -3*f = -3*h - 60. What is the highest common divisor of v and f?
16
Suppose 2*g - 3 = 3. What is the highest common factor of 1 and g?
1
Let g(y) = 6*y**2 - 1. Let d be g(1). Let z = -392 - -552. Suppose z = b + 5*f, 5*b = 7*f - d*f + 827. What is the greatest common divisor of 15 and b?
15
Let u be 3/(-6) + 258/4. Let n(y) = y - 4. Let p be n(4). Suppose -4*t + 3*f + 47 = 0, -t = -p*t + 4*f + 12. What is the highest common divisor of t and u?
8
Let c(t) = -4*t - 5. Let b be c(-4). Let n = -9 + b. Let p = -2 - -8. Calculate the highest common divisor of n and p.
2
Let x(w) = 17*w + 11. Let j(t) = 9*t + 6. Let g(v) = -5*j(v) + 3*x(v). Let y be g(12). What is the highest common factor of y and 50?
25
Let s be 2*-7*(-1)/(1 + 1). What is the highest common factor of 63 and s?
7
Let l be 7/2 - (-6)/(-12). Suppose 5*b + l = 108. What is the greatest common divisor of 7 and b?
7
Suppose -4*f = -109 + 21. Let b = 253 + -77. Calculate the greatest common factor of f and b.
22
Suppose -5*y - 1 = -2*q, -2*q + 3*y = -q. Suppose 330 = -j + q*j. Suppose j = -2*o + 5*o. Calculate the greatest common factor of o and 22.
11
Let b be ((4 - 10)/6)/(1/(-4)). What is the highest common divisor of b and 4?
4
Let j(o) = -5*o + 1. Let k be j(1). Let t(r) = r**3 + 6*r**2 + 6*r + 5. Let u be t(k). Calculate the highest common divisor of u and 104.
13
Suppose d + 18 = 5*i, 3*d - d + 12 = 4*i. Let q = 11 + -1. What is the greatest common factor of d and q?
2
Suppose 40 = 5*i - 3*g, -i + 6*i + 4*g = 40. Let r be 510/(-9)*(-12)/i. Calculate the highest common divisor of 17 and r.
17
Let t be 16/(-6)*(-3)/4. Suppose -t*r + 0*r = -3*m - 66, 0 = -2*r + 2*m + 64. Let y(p) = p**2 - p. Let d be y(5). What is the greatest common factor of d and r?
10
Suppose 3*o = 202 + 68. Calculate the greatest common factor of 36 and o.
18
Suppose -3*t - 51 = -4*a, 3*t + 5 - 2 = 0. Let k(v) = v**3 - 12*v**2 + 2*v - 18. Let s be k(a). Calculate the greatest common divisor of 3 and s.
3
Suppose 9*q - 20 = 4*q. Suppose 0 = 3*x - x + 5*i - 34, -5*x = q*i - 51. Let r = 50 + 27. Calculate the highest common divisor of x and r.
7
Let u(g) = -g**3 + 9*g**2 - 4*g + 4. Let v be u(6). Let a be (-30)/(-55) + 416/44 + -2. Calculate the greatest common divisor of v and a.
8
Suppose 0*o - o + 90 = 0. Suppose 6*g - 3*g = o. Let u(n) = -n + 18. Let j be u(8). Calculate the greatest common divisor of j and g.
10
Let p(a) = 2*a**2 + 8*a + 14. Let h be ((-16)/(-6))/(26/(-39)). Let v be p(h). What is the highest common divisor of v and 35?
7
Suppose 0*n + 3*n = -12. Let w be 2/n + (-23)/(-2). Let a be (w/(-4) + 2)*-4. Calculate the greatest common divisor of a and 9.
3
Let s be (16/12)/(4/30). Suppose -s = -2*z + 56. What is the greatest common factor of z and 22?
11
Suppose -2*n = -n - 16. Suppose -5*q + q - 2*g = -16, 4*q = -g + n. Suppose -k = w, -5*w + q*k + 0*k = -18. Calculate the greatest common divisor of 6 and w.
2
Let g be (99/4)/((-2)/(-8)). Calculate the greatest common factor of 9 and g.
9
Let c(h) = -13*h - 4. Let q be c(-4). Suppose m + v - 4 = 2, 28 = 4*m + 5*v. Let l be 1 - (-1 + -6 + m). Calculate the highest common divisor of l and q.
6
Suppose 4*h - w = 63, -3*w - 20 = -7*w. Calculate the highest common factor of h and 34.
17
Let l = -66 + 130. Calculate the greatest common divisor of l and 16.
16
Suppose -14 + 2 = -k + 4*p, -4*k + 48 = 4*p. What is the greatest common factor of 16 and k?
4
Let u(o) = -o**3 + 7*o**2 + o + 2. Let v be u(7). Suppose v*l = 6*l + 24. Let x = l + 4. Calculate the highest common divisor of x and 60.
12
Let f be 0/(4/(3 + -5)). Suppose f = i + 3*i - 20. Suppose -5*g - 15 = 0, -i*g - 71 = -0*v - v. What is the greatest common factor of v and 8?
8
Let l(v) = v**3 + 8*v**2 - 